e 8, what is -23 + 637310?
637265
In base 4, what is -32 - 1211131132?
-1211131230
In base 14, what is -2246 + -191?
-23d7
In base 6, what is 10535452 + -5?
10535443
In base 14, what is -162935 - -1?
-162934
In base 7, what is 315 - -22213255?
22213603
In base 15, what is 4 - 1c8ee?
-1c8ea
In base 15, what is 3 + -dd2893?
-dd2890
In base 16, what is -c28 + -8240?
-8e68
In base 6, what is 325221312531 - 3?
325221312524
In base 4, what is 1111120 + 21200200?
22311320
In base 9, what is 3 - -33703251?
33703254
In base 6, what is 20 - -12211114554?
12211115014
In base 14, what is ad3b - -233?
b170
In base 2, what is 11 - -11001111101000000001100?
11001111101000000001111
In base 3, what is 102211102211021 - 11?
102211102211010
In base 15, what is -51a - 17bd?
-1cd8
In base 16, what is -1a - dd289?
-dd2a3
In base 13, what is -19 + -ac45b7?
-ac4603
In base 6, what is -10341321 + -203?
-10341524
In base 14, what is 3 + d936ba4?
d936ba7
In base 14, what is -501a + -130?
-514a
In base 9, what is 15358458 - -54?
15358523
In base 5, what is 10 - -301434031?
301434041
In base 16, what is f40bd5f - -1?
f40bd60
In base 10, what is -17 - -62943?
62926
In base 3, what is -210022110212 + 20120?
-210022020022
In base 4, what is 31 - -2302330222?
2302330313
In base 11, what is -215 - 1a32286?
-1a324a0
In base 6, what is -133421 + -5002?
-142423
In base 12, what is -74a77ba4 - -4?
-74a77ba0
In base 4, what is 13311233 - 11300?
13233333
In base 13, what is 117a8676 + -1?
117a8675
In base 16, what is dbc40 + -f?
dbc31
In base 6, what is 53502323 + -5?
53502314
In base 7, what is 50224514 + 0?
50224514
In base 8, what is 423172 + -57?
423113
In base 9, what is -1 + 25818332?
25818331
In base 3, what is 12 - -102012020010212?
102012020011001
In base 10, what is -9 - 2609347?
-2609356
In base 11, what is -49963 + -24a?
-4a102
In base 4, what is -12323221323323 - 3?
-12323221323332
In base 6, what is -3332 + 10005321?
10001545
In base 9, what is 276413 + -41?
276362
In base 13, what is 2228 + 344ba?
36715
In base 11, what is -34516a + -10?
-34517a
In base 16, what is 23e2fe6 - 4?
23e2fe2
In base 7, what is -5 + -131266360?
-131266365
In base 13, what is 188 + 97c?
b37
In base 4, what is 120010300101 + -113?
120010233322
In base 4, what is -2100220 + -1102131?
-3203011
In base 16, what is 15 + -1b936?
-1b921
In base 12, what is 21280 + -a5?
21197
In base 2, what is 100 - 100010110010001101000000?
-100010110010001100111100
In base 5, what is -142230 + -31223?
-224003
In base 14, what is -65338 - 77?
-653b1
In base 12, what is -715867a + 4?
-7158676
In base 8, what is -1357246530 + -2?
-1357246532
In base 15, what is 5ab5 - 4071?
1a44
In base 15, what is -48ea + 184?
-4766
In base 12, what is -13a78536 - 6?
-13a78540
In base 8, what is 162463 - 170?
162273
In base 15, what is -ccb1ae6 - -1?
-ccb1ae5
In base 2, what is 11000100110 + 1011?
11000110001
In base 5, what is -121144114 + 0?
-121144114
In base 15, what is -7 - 6bc702?
-6bc709
In base 11, what is a7 + 2a01102?
2a011a9
In base 6, what is 333 + -44103332?
-44102555
In base 6, what is -2442520033 - -51?
-2442515542
In base 10, what is -62245 + -6920?
-69165
In base 12, what is -b8203 - 50?
-b8253
In base 5, what is -10 + 1333401440?
1333401430
In base 6, what is 154155 - 2100?
152055
In base 7, what is -3 - 121616433?
-121616436
In base 9, what is 0 + 11578168?
11578168
In base 7, what is -13254 - 155004?
-201261
In base 3, what is -1021120 - -11112010122?
11110212002
In base 5, what is -3213140 + 200?
-3212440
In base 11, what is 6 + 27025a?
270265
In base 12, what is 1 - 3a09b21?
-3a09b20
In base 3, what is 2 + -2112000222010?
-2112000222001
In base 6, what is 104540443005 + 3?
104540443012
In base 16, what is -12c80 + 3f?
-12c41
In base 10, what is -15388012 - -10?
-15388002
In base 5, what is -440204 - -3211?
-431443
In base 16, what is 7 - 5b17e?
-5b177
In base 9, what is -5501278 + 103?
-5501175
In base 11, what is -1 - -1788285?
1788284
In base 7, what is -10 - 355532105?
-355532115
In base 16, what is 75c87 - -2?
75c89
In base 2, what is -1100100111000100 - -1110011010010?
-1010110011110010
In base 4, what is 10333111 + 101031?
11100202
In base 8, what is 5 - 301023370?
-301023363
In base 10, what is -145 + -66746?
-66891
In base 12, what is 0 - -789499?
789499
In base 5, what is 2004 + 31313432?
31320441
In base 7, what is -62 + 25556446?
25556354
In base 2, what is 1000001 - 1000110011100100100?
-1000110011011100011
In base 7, what is -131030462 + -21?
-131030513
In base 4, what is -12012221 + 10022?
-12002133
In base 7, what is 2302051255 + 1?
2302051256
In base 12, what is 26b + -4b112?
-4aa63
In base 8, what is -314532353 - -2?
-314532351
In base 12, what is 4a1bab9 - -12?
4a1bb0b
In base 8, what is 42 - -12743244?
12743306
In base 2, what is -10 - -11101101110101111110100?
11101101110101111110010
In base 11, what is -236 - 27413?
-27649
In base 9, what is 86215 - 52?
86153
In base 13, what is 9 + 3342982?
334298b
In base 13, what is 1015b - 312?
cb49
In base 2, what is 1001110101 - -100010000000110010110?
100010000010000001011
In base 11, what is 5 - 2450583?
-2450579
In base 4, what is 2 - 130230110023?
-130230110021
In base 9, what is 56745 + -6254?
50481
In base 2, what is 1001111001011100100 + 1111010?
1001111001101011110
In base 8, what is -3 + -12655102?
-12655105
In base 15, what is -3 - -51e7901?
51e78ed
In base 10, what is -11 + 118195?
118184
In base 11, what is 33015 - -2105?
3511a
In base 5, what is -132011240 + 3?
-132011232
In base 13, what is 4a8 - 5627?
-514c
In base 15, what is -4 + 24d38d?
24d389
In base 5, what is -210 + 204011023?
204010313
In base 7, what is 300411 + -25?
300353
In base 4, what is 22010 - -3311101?
3333111
In base 13, what is -2 + 11c324?
11c322
In base 8, what is 175102 + 16?
175120
In base 14, what is -56c7125 - 5?
-56c712a
In base 6, what is 53542342 - -1?
53542343
In base 6, what is 313 - 151333033?
-151332320
In base 12, what is -38850b - -3?
-388508
In base 14, what is -25b2abb + 26?
-25b2a95
In base 13, what is -192c3 + -2b0?
-195a3
In base 15, what is 1105db1 - -1?
1105db2
In base 9, what is -1 - 512722?
-512723
In base 11, what is 4 - 42727?
-42723
In base 6, what is 135144 - 24524?
110220
In base 2, what is 0 - 10011111100000000111010?
-10011111100000000111010
In base 16, what is 1b61bdc + 9?
1b61be5
In base 6, what is -34030 - -1553?
-32033
In base 15, what is -6de + -55964?
-56153
In base 8, what is -1205240 + -2?
-1205242
In base 6, what is 0 + 132300142?
132300142
In base 10, what is 275 + 5215?
5490
In base 11, what is 3245 - 4496?
-1251
In base 12, what is -3a349a + 14?
-3a3486
In base 4, what is 10021131330 + -110?
10021131220
In base 5, what is -3044140442 + -21?
-3044141013
In base 11, what is 4122 + 8401?
11523
In base 13, what is -602a4 + -11?
-602b5
In base 7, what is -4 + 166214201?
166214164
In base 5, what is -11133244 + 223131?
-10410113
In base 8, what is -471 - -62144?
61453
In base 8, what is -1125 + 112466?
111341
In base 4, what is -212132322230 - 30?
-212132322320
In base 10, what is 23134698 - -6?
23134704
In base 7, what is -5246133 + 52?
-5246051
In base 10, what is -20359 + 4134?
-16225
In base 16, what is -1 - 820e6?
-820e7
In base 8, what is 6011424 - 4?
6011420
In base 2, what is -101000100 - 1101111101101?
-1110100110001
In base 12, what is -2 - a796337?
-a796339
In base 8, what is -2644 - -323267?
320423
In base 6, what is -20212 - 3415?
-24031
In base 10, what is 1207 - -116646?
117853
In base 7, what is -2323205065 - -12?
-2323205053
In base 6, what is 3223 + -1023155?
-1015532
In base 6, what is -3 + -34313304?
-34313311
In base 11, what is -50703 + -a2?
-507a5
In base 5, what is 3432 + -1402413?
-1343431
In base 9, what is -28 - 77240541?
-77240570
In base 16, what is -d - -b492?
b485
In base 9, what is 0 - -131173381?
131173381
In base 14, what is -20 + -7992?
-79b2
In base 5, what is -222221331 - -13?
-222221313
In base 7, what is -54550262 + 4?
-54550255
In base 10, what is -33437 + -70?
-33507
In base 2, what is 11001 + 11110010110011010101000?
11110010110011011000001
In base 15, what is 1 + -291a08b?
-291a08a
In base 13, what is -85b1664 - -4?
-85b1660
In base 14, what is 3c + 38a5a?
38a98
In base 14, what is 1 -